
248
Calculate the remainder when 773472 is divided by 15145.
1077
Calculate the remainder when 406075 is divided by 31216.
267
Calculate the remainder when 7112 is divided by 635.
127
Calculate the remainder when 77875 is divided by 19107.
1447
What is the remainder when 2265595 is divided by 755198?
1
Calculate the remainder when 8038 is divided by 3965.
108
What is the remainder when 200312 is divided by 2681?
1918
What is the remainder when 1334749 is divided by 2146?
2083
Calculate the remainder when 6716363 is divided by 58403.
18
Calculate the remainder when 1304919 is divided by 1569.
1080
Calculate the remainder when 4557305 is divided by 3463.
3460
Calculate the remainder when 771099731 is divided by 651.
647
What is the remainder when 298975 is divided by 74713?
123
Calculate the remainder when 41394 is divided by 20675.
44
What is the remainder when 2443522 is divided by 37592?
42
Calculate the remainder when 114490546 is divided by 1956.
1954
Calculate the remainder when 303662 is divided by 163.
156
What is the remainder when 11182022 is divided by 1597417?
103
What is the remainder when 22249138 is divided by 1398?
1366
What is the remainder when 2706808 is divided by 40?
8
What is the remainder when 944351165 is divided by 1582?
1577
What is the remainder when 3041480 is divided by 11306?
166
Calculate the remainder when 1536581 is divided by 561.
2
Calculate the remainder when 222940996 is divided by 2153.
2152
Calculate the remainder when 3043704 is divided by 23.
22
Calculate the remainder when 904379 is divided by 36173.
54
Calculate the remainder when 21498982 is divided by 673.
670
Calculate the remainder when 79174 is divided by 3436.
146
Calculate the remainder when 294016 is divided by 97357.
1945
Calculate the remainder when 18929930 is divided by 8234.
8198
What is the remainder when 456225 is divided by 456210?
15
What is the remainder when 561973 is divided by 4606?
41
Calculate the remainder when 284478 is divided by 3197.
3142
What is the remainder when 264856 is divided by 37?
10
What is the remainder when 1661033 is divided by 165?
143
Calculate the remainder when 17210266 is divided by 19624.
18
Calculate the remainder when 9581461 is divided by 1187.
1184
What is the remainder when 291473 is divided by 7651?
735
What is the remainder when 221436583 is divided by 43?
42
What is the remainder when 400708 is divided by 200254?
200
Calculate the remainder when 196228 is divided by 345.
268
What is the remainder when 10099 is divided by 3359?
22
What is the remainder when 2888960 is divided by 843?
842
What is the remainder when 252677398 is divided by 1765?
1763
Calculate the remainder when 292035 is divided by 1232.
51
What is the remainder when 2027532 is divided by 1050?
1032
What is the remainder when 1688004 is divided by 88?
76
What is the remainder when 33238 is divided by 1558?
520
What is the remainder when 63095 is divided by 2714?
673
What is the remainder when 1087646 is divided by 497?
210
What is the remainder when 5753521 is divided by 338442?
7
What is the remainder when 5803567 is divided by 114?
55
What is the remainder when 6522270 is divided by 89?
83
Calculate the remainder when 194696 is divided by 38893.
231
Calculate the remainder when 43216 is divided by 4341.
4147
What is the remainder when 2275032 is divided by 1915?
12
What is the remainder when 30478924 is divided by 4356?
4348
Calculate the remainder when 1541409 is divided by 1097.
124
Calculate the remainder when 2555544 is divided by 482.
462
What is the remainder when 40009849 is divided by 224774?
77
Calculate the remainder when 3226296 is divided by 10441.
27
What is the remainder when 2626793 is divided by 125083?
50
Calculate the remainder when 281259737 is divided by 281259736.
1
What is the remainder when 221115 is divided by 221083?
32
Calculate the remainder when 3392 is divided by 1741.
1651
Calculate the remainder when 63746984 is divided by 445783.
15
Calculate the remainder when 22831193 is divided by 787282.
15
Calculate the remainder when 25830 is divided by 22727.
3103
What is the remainder when 364002 is divided by 287?
86
What is the remainder when 123300 is divided by 1171?
345
Calculate the remainder when 88097558 is divided by 376.
6
Calculate the remainder when 7772975 is divided by 9070.
9055
Calculate the remainder when 22259508 is divided by 153.
150
Calculate the remainder when 74714 is divided by 37202.
310
What is the remainder when 1033945 is divided by 133?
3
Calculate the remainder when 241053088 is divided by 6.
4
Calculate the remainder when 5877205 is divided by 2938591.
23
What is the remainder when 1895233 is divided by 45114?
445
Calculate the remainder when 15009 is divided by 710.
99
What is the remainder when 677423 is divided by 13?
6
Calculate the remainder when 10172916 is divided by 51.
48
What is the remainder when 6966884 is divided by 785?
9
Calculate the remainder when 66770295 is divided by 42.
39
What is the remainder when 2343330 is divided by 6369?
5907
What is the remainder when 118065 is divided by 11730?
765
Calculate the remainder when 72485411 is divided by 396.
383
What is the remainder when 247316493 is divided by 14?
11
Calculate the remainder when 561737873 is divided by 2426.
2425
Calculate the remainder when 1613284 is divided by 31013.
608
What is the remainder when 54299343 is divided by 10859866?
13
Calculate the remainder when 4803896 is divided by 21.
20
What is the remainder when 18258 is divided by 134?
34
Calculate the remainder when 215511 is divided by 6344.
6159
What is the remainder when 6802018 is divided by 25?
18
Calculate the remainder when 13915688 is divided by 3910.
3908
Calculate the remainder when 495577 is divided by 1111.
71
What is the remainder when 1892752 is divided by 3350?
2
What is the remainder when 588983 is divided by 3403?
264
What is the remainder when 1205808 is divided by 66?
54
Calculate the remainder when 33379843 is divided by 740.
663
Calculate the remainder when 155361 is divided by 152248.
3113
Calculate the remainder when 828404 is divided by 2990.
174
Calculate the remainder when 1164078 is divided by 901.
887
Calculate the remainder when 219595153 is divided by 39.
37
What is the remainder when 9457539 is divided by 1182190?
19
Calculate the remainder when 1168828 is divided by 3896.
28
What is the remainder when 25560161 is divided by 6363?
6353
Calculate the remainder when 26945487 is divided by 237.
9
What is the remainder when 7715097 is divided by 89710?
37
Calculate the remainder when 5281 is divided by 1909.
1463
What is the remainder when 43007 is divided by 1880?
1647
What is the remainder when 99079 is divided by 1368?
583
What is the remainder when 30589540 is divided by 126?
16
What is the remainder when 40681 is divided by 6712?
409
What is the remainder when 375911 is divided by 703?
509
Calculate the remainder when 1697082 is divided by 633.
9
What is the remainder when 4822343 is divided by 13?
6
Calculate the remainder when 104462172 is divided by 116.
112
What is the remainder when 1132132 is divided by 1459?
1407
Calculate the remainder when 53025 is divided by 8269.
3411
What is the remainder when 105127 is divided by 795?
187
Calculate the remainder when 815708 is divided by 405548.
4612
Calculate the remainder when 476080 is divided by 654.
622
Calculate the remainder when 71397 is divided by 56.
53
Calculate the remainder when 374215 is divided by 46.
5
Calculate the remainder when 2237037 is divided by 95.
72
What is the remainder when 55043774 is divided by 18347920?
14
What is the remainder when 30136741 is divided by 376709?
21
Calculate the remainder when 285506 is divided by 284189.
1317
What is the remainder when 1166203 is divided by 85?
3
What is the remainder when 108963287 is divided by 1076?
1071
Calculate the remainder when 1070243 is divided by 2949.
2705
Calculate the remainder when 1064196 is divided by 3721.
3711
What is the remainder when 224416658 is divided by 387?
2
Calculate the remainder when 360710 is divided by 9491.
52
What is the remainder when 23979746 is divided by 11989873?
0
Calculate the remainder when 168930 is divided by 15285.
795
Calculate the remainder when 53